 15, what is -1748 - 683a?
-8083
In base 2, what is 10101011101 - -1001010100101?
1100000000010
In base 5, what is 0 - -134223002132?
134223002132
In base 2, what is 1111101100010001101110010010 + 0?
1111101100010001101110010010
In base 2, what is 100 + -1000100010101100111111100?
-1000100010101100111111000
In base 10, what is -293 - -5996117?
5995824
In base 7, what is -4 - 10303156135?
-10303156142
In base 10, what is 7 + 126588299?
126588306
In base 16, what is 79 + -8b903?
-8b88a
In base 11, what is 37848732 - -4?
37848736
In base 3, what is -1021 - -2011112222121?
2011112221100
In base 5, what is 1224 + -3223221?
-3221442
In base 11, what is -3 + -23574096?
-23574099
In base 5, what is -32 + 3413013244?
3413013212
In base 9, what is 6 - -58833002?
58833008
In base 5, what is 10112 - -130014233?
130024400
In base 3, what is 1010011012 + -11022?
1002222220
In base 4, what is 1 - 101230002020?
-101230002013
In base 9, what is 1405 - -5842?
7347
In base 4, what is -111013233203022 + -2?
-111013233203030
In base 12, what is -2a5905 + 3?
-2a5902
In base 8, what is 120 - -21333?
21453
In base 12, what is 613 + -81356?
-80943
In base 16, what is 6c3c + 1589?
81c5
In base 9, what is 4384470323 + 2?
4384470325
In base 12, what is -3458 - 65b1?
-9a49
In base 5, what is -11433013 - -2302?
-11430211
In base 9, what is 3775500 + -1?
3775488
In base 11, what is -35a + -a16221?
-a16580
In base 11, what is -52 + 3a674a?
3a66a8
In base 14, what is -3183 + 78d1?
474c
In base 5, what is -4420 + 132003241?
131443321
In base 8, what is 1 - 370040014?
-370040013
In base 6, what is 113 + 2322513?
2323030
In base 13, what is 7 + 10c4454?
10c445b
In base 2, what is 1100110001 - 11011000011001?
-11001011101000
In base 3, what is -10 - 11121212101122?
-11121212101202
In base 4, what is 12300 + 10033220?
10112120
In base 8, what is 4 + 223033640?
223033644
In base 2, what is -1110000111101110100110 - -11?
-1110000111101110100011
In base 4, what is -113222332 - 1112?
-113230110
In base 2, what is -10100101000111101000010101011 - -11?
-10100101000111101000010101000
In base 10, what is -4 + -568413?
-568417
In base 12, what is 1ab - 28827?
-28638
In base 9, what is -337732254 + 2?
-337732252
In base 5, what is 1200 - -4311132?
4312332
In base 7, what is -62412 + -101?
-62513
In base 8, what is -36 - -30252573?
30252535
In base 13, what is -232 + -64a51?
-64c83
In base 4, what is 1032221 + 220220?
1313101
In base 8, what is -14544000 - -4?
-14543774
In base 2, what is 1101011010101101 - 10000101001?
1101001010000100
In base 14, what is -871 - -dad0d?
da47c
In base 10, what is -376066 - -17?
-376049
In base 9, what is 4 - -11856162?
11856166
In base 4, what is 10211123 + 10112?
10221301
In base 11, what is 555a55 - 11?
555a44
In base 2, what is 101100110101001000001011101 + 100?
101100110101001000001100001
In base 3, what is -2211 - 101101121002201?
-101101121012112
In base 10, what is -56 + -1018831?
-1018887
In base 12, what is -33a + -107406?
-107744
In base 16, what is -b55b9c6 - 5?
-b55b9cb
In base 2, what is -1110 - 11101001011011001010?
-11101001011011011000
In base 3, what is -1101021020020 - 120002?
-1101021210022
In base 7, what is -1023436 + 402?
-1023034
In base 12, what is -165780 - 503?
-166083
In base 2, what is 110111010 - 101001110110101?
-101000111111011
In base 13, what is 28a + 4?
291
In base 13, what is -8c4984 + -5?
-8c4989
In base 2, what is -1011110011110001100110 - -111001?
-1011110011110000101101
In base 6, what is -1424244212 + 1?
-1424244211
In base 4, what is -10 - 1022300202022?
-1022300202032
In base 9, what is 7 - -58031?
58038
In base 2, what is -101000 + -11010100100010001?
-11010100100111001
In base 11, what is a3 + a3452?
a3545
In base 6, what is -2 + -532540210?
-532540212
In base 3, what is -20002222021101202 - 0?
-20002222021101202
In base 6, what is 4324 - 1045343?
-1041015
In base 11, what is 5 + -2041104?
-20410aa
In base 12, what is 5 + 42b13b4?
42b13b9
In base 8, what is -13 + -2120652?
-2120665
In base 7, what is -12554653 + -11?
-12554664
In base 15, what is 49eb55 + 22?
49eb77
In base 12, what is 103926 + 116?
103a40
In base 9, what is -12604073 + -1?
-12604074
In base 7, what is 263134535 - 5?
263134530
In base 13, what is -5 + 9b2b6?
9b2b1
In base 14, what is a558a - -31?
a55bb
In base 5, what is 203 + -401202440?
-401202232
In base 12, what is 2a28b79a + 5?
2a28b7a3
In base 14, what is ac + 15292?
15360
In base 8, what is 2170 - -11075?
13265
In base 6, what is -1 - -1025225513?
1025225512
In base 3, what is -222111 + 102001011000?
102000011112
In base 4, what is 2331030011 - 0?
2331030011
In base 10, what is -4729432 + -19?
-4729451
In base 14, what is 1b630 + -6a4?
1ad6a
In base 11, what is -42897 + -369?
-43155
In base 2, what is -11 - 111100110100010100011101?
-111100110100010100100000
In base 14, what is -cb + -2112ad?
-21139a
In base 9, what is 1876558 - -3?
1876562
In base 8, what is -1253041 + 0?
-1253041
In base 16, what is -b - 6c42c6?
-6c42d1
In base 10, what is -1400 - 3500?
-4900
In base 2, what is -1000001 - -11001111010100011111?
11001111010011011110
In base 8, what is -5 - -71574661?
71574654
In base 12, what is 4 + -10304255?
-10304251
In base 16, what is -3 - 1acddaf?
-1acddb2
In base 6, what is 154 + -1211405?
-1211211
In base 5, what is 232420230 - 11322?
232403403
In base 15, what is 25 + -4d84?
-4d5e
In base 4, what is 11101 + -33022320?
-33011213
In base 12, what is -1143 + 5871?
472a
In base 2, what is -1000101110000 + -101100100001?
-1110010010001
In base 11, what is 7847a - 1133?
77347
In base 2, what is 100110110011011011000111000111 + -10?
100110110011011011000111000101
In base 12, what is 13325288 + -2?
13325286
In base 15, what is -d7bc82 - -1c?
-d7bc65
In base 6, what is 4332451 - -114?
4333005
In base 2, what is -11100111001011100101 + -100?
-11100111001011101001
In base 9, what is -177 - -150166?
148878
In base 11, what is 213 + 10631?
10844
In base 4, what is 12100013 + -1323?
12032030
In base 5, what is -3321201013421 - 3?
-3321201013424
In base 9, what is 2423 + -36164?
-33641
In base 5, what is -1200001101 - 123?
-1200001224
In base 8, what is -132303377 - 23?
-132303422
In base 13, what is 3 + -b760b0?
-b760aa
In base 5, what is 1234 + -12143223?
-12141434
In base 16, what is -2 - ce6f5?
-ce6f7
In base 5, what is -214241 - -4011?
-210230
In base 5, what is -14311220 + -13012?
-14324232
In base 8, what is 2115131 - 213?
2114716
In base 16, what is 303 - -2c043?
2c346
In base 9, what is 37527556 + 4?
37527561
In base 13, what is -b9a5c9a + 0?
-b9a5c9a
In base 7, what is -16446 - -16660?
211
In base 7, what is -132463 + -23530?
-156323
In base 6, what is 235354352 + 112?
235354504
In base 2, what is -1000101000000011110 + 1?
-1000101000000011101
In base 16, what is -408cf9c4 - -4?
-408cf9c0
In base 6, what is 1132543 + -15251?
1113252
In base 6, what is 11320 - -15012?
30332
In base 5, what is -14 - 14344423?
-14344442
In base 8, what is -372406 + -11?
-372417
In base 14, what is -56dc05 + 2?
-56dc03
In base 2, what is 10111000110101101100110 - 101?
10111000110101101100001
In base 10, what is 5361307 - 4?
5361303
In base 5, what is 441030021110 - -10?
441030021120
In base 14, what is 3 - -223a7029?
223a702c
In base 9, what is -8443513 + 41?
-8443462
In base 4, what is 1130322321202 - 13?
1130322321123
In base 15, what is -3857 - -e57?
-2900
In base 12, what is 31959436 + -4?
31959432
In base 11, what is 3658999 + -119?
3658880
In base 4, what is -11211013022 - -300?
-11211012122
In base 3, what is 12010001 + -12000201211?
-11211121210
In base 14, what is -3965258 - 2?
-396525a
In base 10, what is -479 - -5355?
4876
In base 3, what is 110220202122 - -111?
110220210010
In base 13, what is 3 - -10549123?
10549126
In base 6, what is 4515 + -32152?
-23233
In base 13, what is -15 + 1a72667?
1a72652
In base 7, what is 12 - 120526206?
-120526164
In base 2, what is 1 - 10001010000000111110010111?
-10001010000000111110010110
In base 14, what is -5 + -2788204?
-2788209
In base 14, what is 1 + 36c612?
36c613
In base 11, what is 149 - -14319?
14467
In base 2, what is 10101 + -1010010010111101?
-1010010010101000
In base 15, what is -1c1d81 + -4?
-1c1d85
In base 2, what is -1000111 - -1100010000101